 + -21 + 22 - -43) + 1 + -1 + 5
52
What is 18 - (29 - (-17 - -13) - (-4 + 9))?
-10
What is -87 + (10 - 0) + 34?
-43
Calculate (18 - 128 - -23) + 39.
-48
What is the value of -295 + 276 + (111 - (13 + 5))?
74
What is the value of 5 - (4 - -21) - (-13 - (-10 + -1) - -17)?
-35
What is (-1 - (0 + -19)) + 2649 + -2688?
-21
What is -5 + 19 - ((-9 - -29 - 7) + 3)?
-2
What is the value of (43 - -78) + -44 + 0?
77
What is the value of -65 + 55 + -55 + 95?
30
-20 + -53 + 81 - (-5 + -81 - -1)
93
18 + 4 + (-1 - -5 - 0) + -6 + 12
32
-28 + 22 - (-68 - -84)
-22
Calculate -15 - (-12 + 6) - (-15 + 0 - 16).
22
Calculate (-13 - 37 - 31) + 97.
16
Calculate -41 + -8 - -25 - (-11 - 68) - (-1 - 1).
57
36 + (-39 - (-12 - (28 + -22)))
15
Evaluate -2 + 1 + (5 - 1) + (-57 - (-10 - 4)).
-40
Evaluate (25 - (-5 + 22)) + -12 + (-4 - -5).
-3
4 + -37 + 135 + -121
-19
14 - (75 - (14 + -4)) - -9
-42
What is 14 - (-37 + 26 + 13) - -21?
33
What is 30 - (4 - (15 + (-5 - -6 - -7) + -12))?
37
What is the value of 28 + (2 - (-4 + 21)) - -16?
29
What is the value of -28 + 35 + (-7 - (1 - -10 - (54 - 39)))?
4
Evaluate -208 - (41 - 80) - -146.
-23
(-112 + 43 - -35) + 53
19
Calculate -6 - -7 - 5 - (0 + (5 - 5 - 7)).
3
Calculate 12 + (-48 + 9 - -6).
-21
What is the value of (-37 - -29 - -3) + (1 - -12) + -57?
-49
Calculate 3 + (-22 + 1 + -7 - 13).
-38
Calculate (-3 - -24) + (-5 - (1 - 19)).
34
-11394 + 11341 - (34 + -1)
-86
Calculate (-2 - 5) + (2 - (-6 + 8 + -37)).
30
Evaluate (-32 - (-11 + -37)) + 90.
106
What is the value of 70 - (-20 + -9 + (77 - 18))?
40
Evaluate (-10 - (-12 - -1)) + -109 + 46.
-62
Calculate -10 + 23 + -13 + 14 + -3 + 0.
11
What is -7 + -8 + -12 - -12?
-15
163 - (17 + -28 - -10) - (47 + -25)
142
What is 9 - 21 - (-46 + (-9 - -1 - -21))?
21
What is the value of (-70 - 11) + (-12 - -18)?
-75
Evaluate 11 - (12 - 57) - 73.
-17
Calculate 67 + (-1 + 12 + -16 + -6 + -3 - -2).
55
What is 2 + 11 + -42 + 33 + 286 + -163?
127
What is -109 + 25 + (-196 - -272)?
-8
-80 + (23 - (-20 - (-21 - 26)))
-84
What is 4 + (-11 - -10) - ((-4 - (10 - 3)) + 14)?
0
What is the value of -92 + (13 - (7 + -36))?
-50
(-24 - -71 - 60) + (2 - 29)
-40
Evaluate (-1 - (-6 + 12)) + 1 - (-90 - -100).
-16
Calculate (246 - 245) + (-22 - 2) + 4.
-19
-20 - (-26 + -2) - -28
36
Evaluate 1 + -15 + (-50 + -1 - (242 - 246)).
-61
What is 0 - -4 - (165 - 179) - 1?
17
Calculate 79 + (-44 - -137 - 184).
-12
What is 10 - (5 - (-2 - (14 - (9 + 4))))?
2
What is 47 + (-97 - -82) + 21?
53
Calculate 59 + 20 + -115 + 9.
-27
Evaluate 29 - (-17 + -16 + 38).
24
Evaluate -1 + (-10 - -6) + ((-3 - -9) + -14 - 19).
-32
What is the value of 36 + 14 + -44 + 5?
11
What is -30 - -55 - (22 + 5)?
-2
What is 3816 + -3788 - (2 + -27)?
53
5 + (0 + 4 - (-22 - -28)) + -2 + -51
-50
Evaluate (176 - 164) + 18 + -16.
14
Calculate -15 - (14 + -110) - 143.
-62
Calculate (18 - -1) + -10 + 10 + (3 - 11) + 7.
18
(53 + 1 - (-3 - (-9 - 6))) + -4
38
Calculate -1 + (44 - -2) + 14 + -1 + -39 + 20.
39
What is the value of -173 + 3 + (-20 + 27 - -16)?
-147
Calculate 4 + (-47 - 5) - (7 - 5) - (1 - 8).
-43
Evaluate (9 - -18) + (5 - (2 + -3 + -1)).
34
23 + 3 - (1 + -23 - (23 + -1 - 29))
41
What is the value of -4 + 24 + (-57 - -35) - (1 + -43)?
40
129 + -8 + 22 - 68
75
Calculate 2 + (8 - 1) + (-78 - -14 - (-24 - -39)).
-70
-11 + (7 - -26) - (64 - 26)
-16
-31 + (17 - 13 - (-8 - -6)) + 2 + -2
-25
What is 65 + -127 + 9 - (-13 + 0)?
-40
What is the value of 14 - (15 + (47 - 111))?
63
What is the value of -7 - ((53 - -2) + (-353 - -317))?
-26
Calculate -22 + 15 + -5 + (24 - (6 + -8)).
14
What is the value of 198 + -138 - (28 + -61)?
93
Calculate 22 + 0 - ((25 - -84) + -38 + 3).
-52
Evaluate -20 - ((20 - (-15 + 13)) + -12).
-30
Evaluate 1 + (-1 + 6 + (2 - -11) - 7 - 91).
-79
What is -660 + 715 + -57 + -1?
-3
What is 3 + -6 + 7 - (12 + -4) - (38 - 30)?
-12
What is -6 + (-2 + -6 - -5 - (42 + -47) - 64)?
-68
What is the value of 4 - -4 - ((29 - 0 - (14 + -28)) + -10)?
-25
What is -23 - (101 + (80 - 110) + -18 + -1)?
-75
-6 + -7 + 2 + 9 + -7 - 32
-41
-56 - (-12 - (-23 + 21))
-46
What is the value of -52 - (81 + (-197 - -20))?
44
What is the value of 3768 - 3702 - (-18 + -3)?
87
Calculate ((7 - -1) + -22 - 4) + 15 - (-41 - -5).
33
-1 - -43 - (-207 + 60 + 128)
61
What is -56 + (-12 + (19 - -8) + -20 - 15)?
-76
What is (-27 - -41 - 19) + (-1 - -17)?
11
Evaluate -11 + 3 - (((17 - 8) + -12 - 7) + -27).
29
(26 - 9) + -8 + 11 + -10 - -12
22
What is -2 + 1 + -3 + -1 - (117 + 46 - 170)?
2
Calculate -16 - (-26 - 13) - (1 - -16).
6
Calculate 26 + (15 + (0 - 16) - -12) + -9.
28
Evaluate (-12 - (-11 - -3)) + 5 + -102 + -2.
-103
What is the value of (-42 - -11) + -7 + 27?
-11
What is the value of (116 - 57) + -40 + -45?
-26
What is the value of -8 + 14 + -6 + 0 + 37 + -1 + 7?
43
What is (9 - 32) + (32 - -2) + 39?
50
Evaluate -1 + 5 + (-998 - -1027).
33
What is -5 - -25 - 10 - (6 - (6 + -9)) - -75?
76
-104 + -32 - (-4 + -122)
-10
What is (94 + (35 - 33) - -13) + -33?
76
Calculate 87 - (185 + -122) - -54.
78
Calculate -20 - (-84 + 15 + -2).
51
-53 + (-6 - (-10 - -6)) + 13 - (-9 - 0)
-33
Calculate (33 + -18 + -22 - (10 - 163)) + -14.
132
What is the value of 9 + (23 - 1) + 6 + -37?
0
Evaluate -8 - (-2 - -5) - (-41 + 0 - (-24 - -28)).
34
Calculate -5 + 9 - (24 + -38 + 66 + 2).
-50
What is -35 - -80 - 24 - (-1 + 16)?
6
What is the value of 0 - (13 + -1 - (36 - 61 - 48) - -1)?
-86
21 + (81 - ((16 - 3 - 22) + 18))
93
Calculate -8 - -3 - (10 + (0 - -7 - (3 + -4))).
-23
Calculate -4 + (-7 - (-30 + -12 - -10)) + -12.
9
Calculate -100 - (-60 - (-84 - -78)).
-46
What is (-27 - (-1 + -1)) + (60 - 29)?
6
Evaluate 14 + (38 - (2 - -26)) + 1 + -20.
5
Evaluate -57 + (-48 - (-126 - -116)).
-95
-17 - (20 - 3 - (63 - 42))
-13
(-21 - (19 - 28)) + -7 + 2 - 5
-22
What is (2 - 7) + -18 + 10 + 31?
18
What is 17 - (-32 - -27) - (82 - -36)?
-96
Evaluate 17 + (3 - (-9 + 5)) - -6.
30
What is -61 - (-44 + 55 - 76)?
4
What is the value of (50 - 2) + (-13 - -12 - 13) + -2?
32
What is -32 - (-11 - (35 + -3 + -20))?
-9
Calculate -9 - ((12 + -33 - -9) + 22) - -86.
67
What is the value of 15 - (-69 + 40 - -38)?
6
Evaluate -36 + (-37 - -115 - -6 - -24).
72
What is (38 - (-14 + 3)) + 6 + (-95 - -109)?
69
What is the value of -4 + 33 + -4 + 50 + -24?
51
What is the value of (-1 - (15 + 10 + -31)) + -11 - -36?
30
Calculate -3 + -3 + 3 + 5 + (-13 - -19) - -22.
30
What is the value of 1 + (2 - 1) - (48 + 11 - (-6 - -30))?
-33
What is (4 + -32 - -4) + -5?
-29
Evaluate 5 + -90 + (12 - 0) + -2 - 7.
-82
Evaluate 11 + (13 - 48) + -13 - -135.
98
Calculate (-2 + -22 - -1) + (536 - 564).
-51
Calculate -89 + 4 + (20 - -4) + 0 + 10.
-51
4 + 2 + 82 + (160 - 189)
59
What is 14 + -51 - (142 - 214)?
35
What is -19 - (-9 - (22 + -13 + -9))?
-10
Evaluate 93 + -113 - (-26 - (-12 - -3)).
-3
Calculate -22 + 44 + -9 + -13 - -32.
32
Calculate -4 - (59 + (35 - 99) + 22).
-21
-64 - 1 - 0 - (-77 - -93 - (-15 + 34))
-62
What is the value of 50 + (-6 + 3 + -14 + 28 - 7)?
54
Evaluate -1181 + 1180 - (-10 - -117).
-108
What is -161 + 46 - -120 - 65?
-60
What is (-55 - (0 + (4 - 2)) - -1) + (-539 - -540)?
-55
Calculate -19 - ((16 - 0) + -390 + 378).
-23
Calculate 2 - (-18 - ((-2 - 1) + 2)).
19
What is the value of (-85 - (-7 - (2 - 5))) + -213 + 232?
-62
What is (0 - -17) + (2 - ((-15 - -7) + 4 + -2))?
25
Calculate (0 - (-3 - -8) - (-7 - (-4 + -5))) + 37.
30
(8 - 31) + -2 - -29
4
Calculate (6 - 33) + (-2 - -7) + -631 + 643.
-10
What is the value of -44 - ((2 - 10) + -6 + 13 + 19 + -10)?
-52
Calculate 8 + 9 + -28 + 1 - (22 + -4 + -9).
-19
What is the value of -161 + -1 - (11 - (13 - -45))?
-115
-257 + 129 - -158 - (-35 + 1)
64
Calculate (0 - ((10 - -5) + -46 + 42)) + -4 - -161.
146
What is the value of -57 + 120 + -75 + -58?
-70
-95 + 36 - -118 - (1 - -1 - -1)
56
Evaluate 75 + (-9 - (-18 - -42)).
42
What is the value of 54 - ((22 - 44) + 76)?
0
Calculate -10 - (10 + (-39 - -21) + -3).
1
Calculate 0 - (122 - 132 - 64).
74
What is the value of (47 - -58 - -19) + -52?
72
What is the value of 3 - 47 - (-132 - -130)?
-42
What is the value of -9 + -1 - (11 + (-36 - -6) - 22)?
31
(-48 + 35 - -3) + 5 + 29
24
-447 - -447 - (-6 - -8 - (-4 - -2) - 34)
30
Calculate -1 + -2 + -31 + (-39 - (-69 + 35)).
-39
Calculate 84 - 14 - (267 - 114).
-83
-51 - ((-1 - -10) + -1